{"id":55,"date":"2017-12-15T09:58:09","date_gmt":"2017-12-15T09:58:09","guid":{"rendered":"http:\/\/mymumworksinadvertising.com\/?page_id=55"},"modified":"2017-12-21T12:42:38","modified_gmt":"2017-12-21T12:42:38","slug":"ueber-mum-3","status":"publish","type":"page","link":"https:\/\/mymumworksinadvertising.com\/?page_id=55","title":{"rendered":"\u00dcBER MUM"},"content":{"rendered":"<p style=\"text-align: left;\"><strong>Hey, ich bin Heike.<\/strong> Und wenn ich nicht gerade durch diesen Blog hier &#8222;w\u00fcte&#8220;, bin ich aktuell Freelance CD Text und ja, auch Mama von zwei Jungs. Ich habe viel zu sagen zum Thema Job, also Werbung, Familie und Wahnsinn. Meistens sage ich Dinge geradeheraus. Ganz sicher aber blogge ich hier so. Meine Intention ist hoffentlich schnell klar: I<img data-attachment-id=\"58\" data-permalink=\"https:\/\/mymumworksinadvertising.com\/?attachment_id=58\" data-orig-file=\"https:\/\/i0.wp.com\/mymumworksinadvertising.com\/wp-content\/uploads\/2017\/12\/IMG_0645-1-e1513331566260.jpg?fit=300%2C375&amp;ssl=1\" data-orig-size=\"300,375\" data-comments-opened=\"1\" data-image-meta=\"{&quot;aperture&quot;:&quot;2.4&quot;,&quot;credit&quot;:&quot;&quot;,&quot;camera&quot;:&quot;iPhone SE&quot;,&quot;caption&quot;:&quot;&quot;,&quot;created_timestamp&quot;:&quot;1478602098&quot;,&quot;copyright&quot;:&quot;&quot;,&quot;focal_length&quot;:&quot;2.15&quot;,&quot;iso&quot;:&quot;400&quot;,&quot;shutter_speed&quot;:&quot;0.03030303030303&quot;,&quot;title&quot;:&quot;&quot;,&quot;orientation&quot;:&quot;1&quot;}\" data-image-title=\"Heike\" data-image-description=\"\" data-image-caption=\"\" data-medium-file=\"https:\/\/i0.wp.com\/mymumworksinadvertising.com\/wp-content\/uploads\/2017\/12\/IMG_0645-1-e1513331566260.jpg?fit=240%2C300&amp;ssl=1\" data-large-file=\"https:\/\/i0.wp.com\/mymumworksinadvertising.com\/wp-content\/uploads\/2017\/12\/IMG_0645-1-e1513331566260.jpg?fit=820%2C1024&amp;ssl=1\" decoding=\"async\" loading=\"lazy\" class=\"size-medium wp-image-58 alignleft\" src=\"https:\/\/i0.wp.com\/mymumworksinadvertising.com\/wp-content\/uploads\/2017\/12\/IMG_0645-1.jpg?resize=240%2C300\" alt=\"\" width=\"240\" height=\"300\" data-recalc-dims=\"1\" \/>ch setze auf Support. Von guten Frauen. Untereinander. M\u00e4nner sind schon lange souver\u00e4n darin zu netzwerken, sich zu &#8222;bef\u00f6rdern&#8220;, Clubs zu bilden. Frauen k\u00f6nnen auch das. Das hier ist ein ernstes Anliegen, nicht nur ein zaghafter Versuch: f\u00fcr ein Netzwerk aus Frauen, aus Kreativen, aus Werbefrauen, die AUCH M\u00fctter sind.<\/p>\n<p>Folgt mir auch auf <a href=\"https:\/\/www.facebook.com\/mumworksinadvertising\/?ref=bookmarks\">Facebook<\/a>. Und erz\u00e4hlt sehr gerne anderen MUMSINADVERTISING davon.<br \/>\nHeike<\/p>\n<p><strong>#mymumworksinadvertising<\/strong><\/p>\n","protected":false},"excerpt":{"rendered":"<p>Hey, ich bin Heike. Und wenn ich nicht gerade durch diesen Blog hier &#8222;w\u00fcte&#8220;, bin ich aktuell Freelance CD Text und ja, auch Mama von zwei Jungs. Ich habe viel zu sagen zum Thema Job, also Werbung, Familie und Wahnsinn. Meistens sage ich Dinge geradeheraus. Ganz sicher aber blogge ich hier so. Meine Intention ist &hellip; <a href=\"https:\/\/mymumworksinadvertising.com\/?page_id=55\" class=\"more-link\"><span class=\"screen-reader-text\">&#8222;\u00dcBER MUM&#8220; <\/span>weiterlesen<\/a><\/p>\n","protected":false},"author":1,"featured_media":0,"parent":0,"menu_order":0,"comment_status":"closed","ping_status":"closed","template":"","meta":{"jetpack_post_was_ever_published":false},"jetpack_sharing_enabled":true,"jetpack_shortlink":"https:\/\/wp.me\/P8LWBO-T","jetpack-related-posts":[],"_links":{"self":[{"href":"https:\/\/mymumworksinadvertising.com\/index.php?rest_route=\/wp\/v2\/pages\/55"}],"collection":[{"href":"https:\/\/mymumworksinadvertising.com\/index.php?rest_route=\/wp\/v2\/pages"}],"about":[{"href":"https:\/\/mymumworksinadvertising.com\/index.php?rest_route=\/wp\/v2\/types\/page"}],"author":[{"embeddable":true,"href":"https:\/\/mymumworksinadvertising.com\/index.php?rest_route=\/wp\/v2\/users\/1"}],"replies":[{"embeddable":true,"href":"https:\/\/mymumworksinadvertising.com\/index.php?rest_route=%2Fwp%2Fv2%2Fcomments&post=55"}],"version-history":[{"count":12,"href":"https:\/\/mymumworksinadvertising.com\/index.php?rest_route=\/wp\/v2\/pages\/55\/revisions"}],"predecessor-version":[{"id":83,"href":"https:\/\/mymumworksinadvertising.com\/index.php?rest_route=\/wp\/v2\/pages\/55\/revisions\/83"}],"wp:attachment":[{"href":"https:\/\/mymumworksinadvertising.com\/index.php?rest_route=%2Fwp%2Fv2%2Fmedia&parent=55"}],"curies":[{"name":"wp","href":"https:\/\/api.w.org\/{rel}","templated":true}]}}